ase 6) in base 14?
4a51ad
Convert -5709304 (base 10) to base 16.
-571df8
-4203230 (base 5) to base 15
-1577a
Convert -494238 (base 13) to base 16.
-1ab962
What is -110001010100100110011100 (base 2) in base 11?
-7331093
5159 (base 14) to base 5
421440
Convert 1774547 (base 8) to base 2.
1111111100101100111
11101010100000101000 (base 2) to base 16
ea828
-50799 (base 10) to base 2
-1100011001101111
-488a6 (base 14) to base 16
-2b4b2
Convert -86620a3 (base 11) to base 15.
-150c645
Convert 14962 (base 15) to base 5.
4104432
What is 17841428 (base 9) in base 15?
bcc74b
-3925492 (base 10) to base 15
-528197
What is 1111000100000100101 (base 2) in base 6?
14325113
Convert 216072 (base 11) to base 16.
542e8
4552020 (base 6) to base 16
38bec
ab124 (base 14) to base 11
263524
Convert 8335c1 (base 14) to base 11.
2554267
What is 473587 (base 12) in base 8?
4277167
-11001111110101010 (base 2) to base 8
-317652
What is -441d6 (base 16) in base 3?
-112011201021
Convert -2001020201121 (base 3) to base 11.
-683038
What is -2a457 (base 11) in base 7?
-236524
What is -131232210 (base 4) in base 8?
-355644
Convert 5770 (base 8) to base 11.
2336
Convert 30cd80 (base 14) to base 15.
228925
What is -77f09 (base 16) in base 10?
-491273
-300651 (base 11) to base 15
-985c5
What is -2785931 (base 13) in base 14?
-1933155
What is 5a5388 (base 11) in base 9?
1721170
211d9 (base 15) to base 5
11330204
-101001100001010001 (base 2) to base 14
-45d97
Convert 40303031 (base 6) to base 5.
243044424
-862856 (base 14) to base 4
-101110130330
What is -11b8c (base 13) in base 3?
-1122220100
12037b1 (base 14) to base 13
1a282cc
443460 (base 8) to base 15
2e381
Convert -163a80 (base 11) to base 4.
-332003230
-14143433 (base 5) to base 12
-70b07
What is 410020 (base 9) in base 3?
110100000200
What is 314472 (base 8) in base 14?
2a270
Convert -90d90 (base 16) to base 2.
-10010000110110010000
Convert 6326265 (base 8) to base 7.
20205402
49930 (base 10) to base 9
75437
What is -2d6b (base 14) in base 15?
-2621
What is 404212424 (base 5) in base 4?
12032133233
-dddd (base 15) to base 8
-133640
-17553a (base 14) to base 16
-c88f0
-465481a (base 11) to base 7
-126056440
What is -2e680b (base 15) in base 3?
-11020021211002
-111110110010011110 (base 2) to base 5
-31212212
Convert 2220220022 (base 3) to base 6.
1122142
Convert 11101100110010000 (base 2) to base 9.
204262
750707 (base 8) to base 11
161076
Convert 110745 (base 9) to base 7.
364025
Convert -33202531 (base 6) to base 4.
-3303021313
Convert 100000003 (base 4) to base 9.
108811
-21101101110 (base 3) to base 10
-145353
-85b37 (base 13) to base 10
-241378
Convert -53221506 (base 7) to base 4.
-101030333220
-2144413 (base 6) to base 13
-39ab0
What is -50c06b (base 13) in base 14?
-3702a2
What is 85b7b (base 16) in base 4?
2011231323
What is -1100101100100100011010 (base 2) in base 4?
-30230210122
122012211 (base 4) to base 8
320645
Convert 88a8a (base 14) to base 16.
50e62
What is -253160 (base 8) in base 2?
-10101011001110000
6740 (base 11) to base 12
5179
Convert -12322152 (base 8) to base 9.
-5118515
What is 20112121221 (base 3) in base 7?
1044253
Convert 1d340e (base 15) to base 11.
896312
Convert -300969 (base 15) to base 8.
-10545471
What is 6cbb49 (base 15) in base 8?
23662733
-11a5040 (base 11) to base 15
-2b2ed1
What is -3677108 (base 12) in base 13?
-2275736
What is -2783965 (base 10) in base 9?
-5212784
What is -201573 (base 9) in base 10?
-119298
Convert 10165832 (base 9) to base 3.
100012012221002
What is 4991 (base 14) in base 2?
11001001000011
Convert -615346 (base 9) to base 10.
-364785
What is 706820 (base 12) in base 6?
101325240
What is 111631 (base 7) in base 11?
13a21
Convert 21211222102022 (base 3) to base 2.
1111111010101001010100
Convert -1000342 (base 7) to base 4.
-130301002
Convert 1001101111001101101010 (base 2) to base 8.
11571552
-1b8c0c (base 16) to base 6
-102405552
What is -7a5a87 (base 11) in base 9?
-2363171
21212100102 (base 3) to base 12
75702
-1265561 (base 8) to base 12
-151669
Convert 279268 (base 10) to base 8.
1041344
3001140 (base 5) to base 13
1854b
Convert -100010001110110011 (base 2) to base 5.
-13441321
Convert -47380 (base 13) to base 16.
-1fcba
What is 10100110000111000 (base 2) in base 16?
14c38
What is -3260 (base 13) in base 7?
-26300
-5817131 (base 10) to base 2
-10110001100001100101011
What is -3145550 (base 6) in base 12?
-752b6
Convert -22253070 (base 8) to base 13.
-cc3809
Convert 11212101011 (base 3) to base 2.
10111011000011101
Convert -8a8301 (base 11) to base 13.
-3b8129
bafd8c (base 16) to base 8
56576614
What is -4360746 (base 8) in base 4?
-10132013212
-53cd5c (base 15) to base 6
-221322410
-12112220033 (base 4) to base 16
-196a0f
8982a (base 15) to base 4
1222233133
What is -3223242 (base 6) in base 12?
-77b22
What is -10000103011 (base 4) in base 15?
-15b0b7
Convert 6106 (base 16) to base 13.
b3c8
Convert -110321312 (base 5) to base 16.
-7515e
What is -480106 (base 12) in base 8?
-4334226
Convert 3133200310 (base 4) to base 8.
3374064
What is 7168703 (base 10) in base 6?
413352235
Convert -5116386 (base 11) to base 14.
-12b524c
Convert -56214666 (base 7) to base 6.
-252110110
-15aa3 (base 13) to base 15
-c3ce
Convert 7288 (base 9) to base 12.
3115
Convert -10310320 (base 4) to base 10.
-19768
Convert 2dc8b (base 16) to base 13.
67486
-48a0708 (base 12) to base 14
-1c42200
Convert -420221003 (base 6) to base 12.
-253a763
ae618 (base 16) to base 7
6033255
-52040332 (base 7) to base 14
-817d19
-323031203 (base 4) to base 15
-4bcdb
What is -58819 (base 11) in base 7?
-502231
Convert b7c8 (base 14) to base 16.
7bf4
What is -233320232 (base 4) in base 11?
-124401
Convert 110101001100111001110101 (base 2) to base 9.
28215874
What is -4605644 (base 7) in base 4?
-2030000213
What is 214101121 (base 5) in base 11?
5820a6
Convert 6041256 (base 7) to base 11.
449a21
522511 (base 7) to base 8
257260
Convert -54483 (base 9) to base 8.
-106430
What is -3020211202 (base 4) in base 10?
-821602
Convert -5141430 (base 6) to base 8.
-741532
Convert 5605140 (base 9) to base 12.
1014b39
What is 8034205 (base 9) in base 13?
b6868b
What is 103530443 (base 6) in base 5?
434100043
2416323 (base 7) to base 12
1298b9
Convert 1001020211 (base 4) to base 14.
6d325
What is -384063 (base 9) in base 11?
-149842
What is 6252775 (base 10) in base 7?
104101444
10a446 (base 12) to base 6
5414530
What is -5cd2f (base 16) in base 2?
-1011100110100101111
Convert -3b194 (base 13) to base 5.
-12011030
What is a2872 (base 12) in base 3?
101202212212
Convert -1040990 (base 10) to base 16.
-fe25e
-1112320102 (base 4) to base 11
-2233a8
Convert 1984d5 (base 14) to base 6.
31232415
Convert -11210311 (base 5) to base 7.
-566414
What is 1011233323 (base 4) in base 8?
1055773
What is -13333331203 (base 4) in base 7?
-23552455
Convert -426216 (base 8) to base 13.
-4cb0b
113421242 (base 6) to base 8
10107032
What is 1212889 (base 13) in base 6?
320035331
Convert -d7477d (base 14) to base 2.
-11011101111101001111011
-415556 (base 9) to base 16
-3c44a
Convert -19b44 (base 15) to base 12.
-40417
What is -461465 (base 16) in base 3?
-22122100001112
What is 5e685e (base 15) in base 5?
2124342024
1100111001110000100 (base 2) to base 16
67384
Convert 232515203 (base 6) to base 12.
154bb03
-221ece (base 15) to base 8
-6151137
-1715a7 (base 12) to base 4
-1200310033
Convert -1a456 (base 12) to base 3.
-1222000210
What is -1211401 (base 7) in base 2?
-100101101001011100
Convert -5973 (base 16) to base 14.
-84b9
Convert 2114000 (base 5) to base 16.
8aac
Convert 341433240 (base 5) to base 6.
52245020
-a647c (base 15) to base 11
-330371
-23408 (base 15) to base 2
-11011011010011011
What is 6323 (base 8) in base 4?
303103
Convert 301023212323 (base 4) to base 13.
2895379
Convert -2bd89d (base 14) to base 9.
-2800405
-1100101010111101000000 (base 2) to base 6
-155110024
-3040140020 (base 5) to base 9
-12554850
Convert -21431112 (base 5) to base 13.
-66b00
-2000102011021 (base 3) to base 9
-2012137
Convert -17896 (base 16) to base 5.
-11041111
What is -28833 (base 10) in base 12?
-14829
44409 (base 11) to base 12
31311
What is -15a21 (base 16) in base 10?
-88609
What is 22197a (base 14) in base 13?
316895
-15527 (base 14) to base 11